 o = -17*v. Let k = 106 - v. What is the units digit of k?
3
Let n(f) = 22*f + 13. Let x be n(6). Suppose 14*q = 9*q + x. Let y = 71 - q. What is the tens digit of y?
4
Suppose 36*z - 695915 + 144499 = 651200. What is the units digit of z?
6
Suppose 1313*c + 39403 = 1320*c. What is the tens digit of c?
2
Suppose 4*a - 91 = 37. Let d be 2 - (-92)/(4/a*4). Suppose 0 = 5*l + d - 581. What is the units digit of l?
9
Suppose 3390 = 4*y + y + 5*y. What is the tens digit of y?
3
Let d = 43406 + -28211. What is the units digit of d?
5
Suppose 15*a = 23*a - 664. Suppose 0 = -3*w + 40 - 277. Let r = w + a. What is the units digit of r?
4
Let o = 16444 - -18056. What is the tens digit of o?
0
Let j(a) = -2*a**3 + 11*a + 4. Let l = -178 + 175. What is the tens digit of j(l)?
2
Let r(o) = 52*o**3 + 17*o**2 - 30*o + 4. What is the thousands digit of r(5)?
6
Let p(m) = -19*m - 75*m**2 - 10*m**2 + 126*m**2 - m**3 - 36. What is the units digit of p(40)?
4
Let x = 647 + 1569. What is the thousands digit of x?
2
Let m(u) = u**2 + 30*u + 90. Let b be m(-27). Let n(l) = -l**3 + 11*l**2 + 11*l - 29. What is the units digit of n(b)?
2
Let s = 12493 - 5382. What is the thousands digit of s?
7
Let v be (265/(-20))/((-2)/8) - -1. Let s = -54 + v. Suppose k - 3*r + s*r - 77 = 0, 5*k - 3*r = 373. What is the units digit of k?
4
Let m(d) = -10*d**3 - 25*d**2 - 84*d - 1. What is the hundreds digit of m(-13)?
8
Let h = -1516 + 7104. Suppose h = 15*f - 172. What is the hundreds digit of f?
3
Let f(b) be the first derivative of 53*b**2/2 - 85*b - 13. Let q be f(8). Suppose -921 + q = -2*m. What is the units digit of m?
1
Let q(r) = -8*r - 8. Let w be q(-1). Suppose w = -5*i + 15, -4*b = -5*b - 4*i + 1421. What is the tens digit of b?
0
Suppose -79932 = -6*d + 3*p, -4*p - 49073 = -4*d + 4207. What is the hundreds digit of d?
3
Let q(o) = o**2 - 6*o + 7. Let s be q(7). Suppose 2*d - 64 - s = 0. What is the tens digit of d?
3
Let c be 2 - (-9 + 6 + -145). Suppose -c = s - 369. What is the units digit of s?
9
Let v(y) = 54*y**2 + 84*y + 801. What is the tens digit of v(-9)?
1
Let s(g) = -2525*g + 9. What is the ten thousands digit of s(-4)?
1
Let v = -39695 - -92407. What is the thousands digit of v?
2
Suppose 0 = -12*i - 9*i + 12726. Let u = i - 379. What is the hundreds digit of u?
2
Suppose -3*x - 21347 = -5*t, 0 = -x - 15 + 16. What is the thousands digit of t?
4
Suppose -3*j + 9551 = 4*z, -8*j = -6*j - z - 6360. What is the thousands digit of j?
3
Suppose -11*n + 6*n - 14 = -2*q, 4*n = -4*q - 28. What is the units digit of 44 + q + -4 + (-2 - -5)?
0
Suppose 4*q + o + 26 = 7, 2*q = 2*o - 12. What is the thousands digit of 1/q + (-181888)/(-140)?
1
Suppose 3*n = -423 - 1728. Let y = n - -404. Let k = -208 - y. What is the hundreds digit of k?
1
Suppose -3*s = 2*x - 13199 + 356, -19293 = -3*x + 5*s. What is the units digit of x?
6
Let l = -267 - -269. Suppose -4*y - 4*o + 2378 - 234 = 0, -l*y = 5*o - 1072. What is the tens digit of y?
3
Let a(c) = 3*c - 7. Let o be a(-4). Let q = o - 182. Let f = q + 282. What is the tens digit of f?
8
Suppose 4*b - q = -77, -b = -6*b - 5*q - 115. Let i be ((-20)/50)/((2/b)/1). Suppose x - 5*h - 300 = 0, -x - 3*x - i*h = -1080. What is the units digit of x?
5
What is the thousands digit of ((-4)/(88/401247) - -4)*-4?
2
Suppose -257*q - 52 = -270*q. Suppose -z = 3*z - 2*c + 18, -4*c = 3*z + 19. What is the units digit of q/z - 1100/(-125)?
8
Suppose -5*i + t = -430, 4*i + t = 583 - 239. Let m = i - 81. Suppose 245 = s + m. What is the tens digit of s?
4
Suppose -c - 5*v = -5741, 0 = -3*c - 5*v + 13379 + 3794. What is the tens digit of c?
1
Let p = -5257 + 5441. Let h(z) = -z + 5. Let d be h(6). What is the units digit of (1/d)/((-8)/p)?
3
Let p(q) = -2*q + 8. Let l be p(0). Let b be (4/(-3))/(5/(-15)*1). What is the units digit of (b - l)/((-2)/49)?
8
Let t(l) = 513*l**2 - 4*l + 3. What is the hundreds digit of t(3)?
6
Let n(y) = -2*y**2 + 8*y - 2. Let o be n(3). Let u be (-4)/6*-6*(-35)/o. What is the units digit of (-3178)/u - 1*2/(-10)?
1
Let l(a) = 3*a**3 + 2*a**2 + 5*a - 1. Let u be (-60)/(-14) + 4/(-14). What is the hundreds digit of l(u)?
2
Let r(o) = 323*o**2 + 7*o - 1. Let v(l) = l - 1. Let x(h) = r(h) - 4*v(h). What is the tens digit of x(-1)?
2
Suppose 2*b + 12 = -4*l - 0, 5*l = b - 22. Suppose x + 1937 = 5*m, -253 = -3*m + b*x + 912. What is the hundreds digit of m?
3
Suppose 0*f = 4*f - o + 11, -3*o - 18 = 5*f. What is the tens digit of 751 + f/5*-5?
5
Let g be (-8)/(-6)*(2 + 1). Let o(f) be the second derivative of 5*f**4/4 + f**3/6 + 7*f**2 + 6391*f. What is the units digit of o(g)?
8
What is the units digit of (-3)/9 + 1045541/123?
0
Suppose 0 = 5*s - 2 + 22. Let g(u) be the third derivative of -3*u**4/4 - 2*u**3/3 - 2*u**2 - 45. What is the tens digit of g(s)?
6
Let i(r) be the second derivative of -17*r**3/2 + 67*r**2/2 - 114*r. What is the units digit of i(-4)?
1
What is the thousands digit of -5 + 17*22422/12 + (-3)/(-6)?
1
Suppose 0 = -3*k + 13 - 31. Let w(p) = -137*p + 97. What is the hundreds digit of w(k)?
9
Let z = 17 + -12. Suppose -20 + 0 = -z*s. Let r(n) = 2*n**2 - 4*n + 10. What is the tens digit of r(s)?
2
Let m = 49 + -36. Let k(u) = 4*u - 3. Let w be k(11). Suppose -m + w = a. What is the units digit of a?
8
Suppose -59*p - 8156 = -57*p. What is the units digit of p/(-8) - ((-44)/(-16) + -3)?
0
Suppose -2*d + 5*w = -628, -244*w + 245*w - 1256 = -4*d. What is the hundreds digit of d?
3
Suppose 181200 = 248*o - 208*o. What is the hundreds digit of o?
5
Let v = 166 - -17930. What is the tens digit of v?
9
Suppose -375480 = 18*x - 78*x. What is the thousands digit of x?
6
Suppose -92103 = -9710*g + 9717*g - 271254. What is the hundreds digit of g?
5
Let s(z) = 4*z - 83. Let r be s(22). Let c(q) = 43*q + 6. What is the units digit of c(r)?
1
Suppose 239 - 1055 = -16*x. Let p be (58/(-8))/(3/(-12)). Let f = x - p. What is the units digit of f?
2
Let r = 57467 + -34609. What is the units digit of r?
8
Suppose 2*k + 5*y = -3 - 4, 2*y = -6. Suppose -4*q - 8 = 0, -k*q - 3 = 2*x + 5. What is the units digit of 147*8/12 - x?
8
Let u(k) = 11*k + 9. Let g(i) = -i**3 + 7*i**2 - 2*i + 4. Let m be g(7). Let p be m + 20 + (-10)/(-2). What is the tens digit of u(p)?
7
Let m(s) = 6 + 2243*s - 2322*s + 0 + 26. What is the hundreds digit of m(-7)?
5
Suppose 5*z - 25 = 2*v, -19 = -3*z - 5*v - 4. Suppose -3*k + 4*o = k - 1360, 0 = -k + z*o + 328. What is the units digit of k?
3
Suppose -4*z - f + 112255 = -5223, z + f = 29371. What is the thousands digit of z?
9
Let s(l) = l**2 + 12*l + 35. Let v be s(-7). Suppose 5*f - 5*j - 320 = v, f - 5*f + 254 = -3*j. What is the tens digit of f?
6
What is the hundreds digit of ((-47535)/10)/(2 - 7/2)?
1
Let n = -87 - -75. Let b(a) = a**2 + 14*a + 25. Let q be b(n). What is the tens digit of (-2 + 0)/q - -166?
6
Let f(w) = 9*w**2 + 5*w + 2. Let h = 107 + -99. Suppose r + 29 = -5*x, -3*r + r - h = 0. What is the hundreds digit of f(x)?
2
Let l be (-2 - 6) + 6950 - -3. Suppose z - 1725 = -2*g, 0 = 3*z + z - g - l. What is the thousands digit of z?
1
Let b = 471 + -477. What is the units digit of (7 + 56/(-14))*(-178)/b?
9
Suppose -3*j = -9*l + 5*l - 30593, 2*j - 20387 = l. What is the tens digit of j?
9
Let h be (-528)/33*1*(-1)/2. Suppose -5*m + l + 279 = 0, h*m = 3*m + 4*l + 276. What is the tens digit of m?
5
Let u be 3/7 + 74736/56. Suppose -3*p + 3*a + u = 0, -a + 5*a = 0. Let f = -311 + p. What is the tens digit of f?
3
Suppose -3*k + 13217 = -5*u - 1118, 0 = -5*k - 2*u + 23840. What is the thousands digit of k?
4
Let h = -143 - -147. Suppose 4*o - n - 922 = n, -h*n - 4 = 0. What is the hundreds digit of o?
2
Suppose 0 = 36*x + 177180 - 290415 - 214905. What is the tens digit of x?
1
What is the units digit of (-760)/60*(3 - 2304/(-20))*-10?
2
Suppose 2*h - 671 = -599. What is the tens digit of 4759/9 - h/(-162)?
2
Let m(b) = b**2 - 16*b + 834. What is the hundreds digit of m(45)?
1
Let p(q) = -6605*q - 2301. What is the units digit of p(-12)?
9
Let l be (-74 + 74)/((1*8)/2). Let r(y) = 5*y + 1707. What is the thousands digit of r(l)?
1
Let s = 190 + -188. What is the hundreds digit of (s/5)/(9/6840)?
3
Let h = -21635 - -43875. What is the ten thousands digit of h?
2
Let k be (-112)/(-10) +